{"id":7,"date":"2022-11-10T14:48:46","date_gmt":"2022-11-10T14:48:46","guid":{"rendered":"https:\/\/careforce-re.de\/?page_id=7"},"modified":"2023-03-21T08:12:10","modified_gmt":"2023-03-21T08:12:10","slug":"mesmerize","status":"publish","type":"page","link":"https:\/\/careforce-re.de\/","title":{"rendered":"Front Page"},"content":{"rendered":"<div  data-label=\"Unternehmen\" data-id=\"content--3\" data-export-id=\"content-12\" data-category=\"content\" class=\"content-12 content-section content-section-spacing\" id=\"unternehmen\" style=\"background-color: rgb(255, 255, 255);\"><div  class=\"gridContainer\"> <div  class=\"row text-center\"><div  class=\"section-title-col\" data-type=\"column\">  <\/div> <\/div> <div  class=\"row center-xs middle-xs\"> <div  class=\"col-sm-9\" data-type=\"column\"> <h2  class=\"\">Unternehmen &amp; Investitionsstrategie<\/h2><p  class=\"\" style=\"text-align: center;\">F o k u s:<br >\nValue-Add Projektierung, Entwicklung sowie Restrukturierung von Pflegeheimen, Service-Wohnen und Gesundheitsimmobilien.<\/p><p  class=\"\" style=\"text-align: center;\">E x p e r t i s e&nbsp; &nbsp;&amp;&nbsp; &nbsp;Z i e l s e t z u n g:<br >\nDas Team setzt sich zusammen aus Experten, die \u00fcber jahrelange Berufserfahrung und Fachwissen im Bereich der Pflege- und Gesundheitsimmobilien verf\u00fcgen. Leitfaden ist ein sehr opportunistischer Ansatz, um so erfolgreich individuelle und ma\u00dfgeschneiderte L\u00f6sungsans\u00e4tze bei der Immobilienentwicklung im Bereich von Senioren-\/Pflegeimmobilien und Gesundheitsimmobilien zu generieren.<\/p><p  class=\"\" style=\"text-align: center;\"><a data-mce-href=\"wp-content\/uploads\/2023\/01\/Ankaufsprofil_20230116.pdf\" href=\"wp-content\/uploads\/2023\/01\/Ankaufsprofil_20230116.pdf\" target=\"_blank\" rel=\"noopener\" data-mce-selected=\"inline-boundary\" data-cp-link=\"1\" class=\"\"><b >H i e r&nbsp; &nbsp;z u m&nbsp; &nbsp;D o w n l o a d \u2013 L i n k&nbsp; &nbsp;A n k a u f s p r o f i l<\/b><\/a><\/p><p  class=\"\" style=\"text-align: center;\">H i e r&nbsp; &nbsp;z u r&nbsp; &nbsp;H o m e p a g e&nbsp; &nbsp; d e r&nbsp; &nbsp;K o n z e r n g e s e l l s c h a f t :&nbsp;<span  id=\"_mce_caret\" data-mce-bogus=\"1\" data-mce-type=\"format-caret\"><span  style=\"font-weight: 700;\">\ufeff<\/span><\/span><\/p><p  class=\"\"><a data-mce-href=\"https:\/\/www.ffire.de\" href=\"https:\/\/www.ffire.de\" target=\"_blank\" rel=\"noopener\" data-mce-selected=\"inline-boundary\" data-cp-link=\"1\" class=\"\"><span  style=\"font-weight: 700;\">w w w . f f i r e . d e<\/span><\/a><\/p><\/div> <\/div><\/div> <\/div><div  data-label=\"Team\" data-id=\"content--2\" data-export-id=\"content-12\" data-category=\"content\" class=\"content-12 content-section content-section-spacing\" id=\"team\" style=\"background-color: rgb(255, 255, 255);\"><div  class=\"gridContainer\"> <div  class=\"row text-center\"><div  class=\"section-title-col\" data-type=\"column\"> <h2  class=\"\">Team<\/h2> \n<div  data-editable=\"true\" data-name=\"ope-custom-content-shortcode\" data-content-shortcode=\"tlpportfolio id=&quot;40&quot; title=&quot;Team Grid&quot;\" class=\"\"><div class=\"rt-container-fluid tlp-portfolio tlp-portfolio-container\" id=\"tlp-portfolio-container-40\" data-layout=\"layout1\"><div class=\"rt-row layout1 \" data-title='Loading ...'>\r\n<div class=\"tlp-col-md-4 tlp-col-sm-6 tlp-col-xs-12 tlp-single-item tlp-grid-item tlp-equal-height\">\r\n\t<div class=\"tlp-portfolio-item\">\r\n\t\t\t\t\t\t\t\t\t<div class=\"tlp-portfolio-thum tlp-item\">\r\n\t\t\t<img loading=\"lazy\" decoding=\"async\" width=\"1024\" height=\"819\" src=\"https:\/\/careforce-re.de\/wp-content\/uploads\/2022\/11\/MSchulten-1024x819.png\" class=\"img-responsive\" alt=\"\" \/>\r\n\t\t\t<div class=\"tlp-overlay\">\r\n\t\t\t\t<p class=\"link-icon\">\r\n\t\t\t\t\t\r\n\t\t\t\t\t\r\n\t\t\t\t<\/p>\r\n\t\t\t<\/div>\r\n\t\t<\/div><div class=\"tlp-content\">\r\n                        <div class=\"tlp-content-holder\">\r\n                            <h3>Dr. Marc Schulten<\/h3>\r\n                            <div class=\"extra-features\"> <div class=\"tlp-portfolio-sd\">Als Shareholder und Gr\u00fcndungspartner verf\u00fcgt Dr. Marc Schulten \u00fcber jahrelange Restrukturierungsexpertise und ein gewachsenes Netzwerk zu deutschlandweit agierenden Pflegeheimbetreibern sowie diversen institutionellen Anlegern der Branche.\r\nZudem war Herr Schulten vor seiner T\u00e4tigkeit als Gesellschafter und Vorstand der FFIRE Immobilienverwaltung AG als CEO\/CFO und Senior-Berater f\u00fcr mehrere namenhafte deutsche Immobilienunternehmen zust\u00e4ndig.\r\n<\/div> <\/div>\r\n                        <\/div>\r\n                    <\/div>\t<\/div>\r\n<\/div>\r\n\r\n\r\n<div class=\"tlp-col-md-4 tlp-col-sm-6 tlp-col-xs-12 tlp-single-item tlp-grid-item tlp-equal-height\">\r\n\t<div class=\"tlp-portfolio-item\">\r\n\t\t\t\t\t\t\t\t\t<div class=\"tlp-portfolio-thum tlp-item\">\r\n\t\t\t<img loading=\"lazy\" decoding=\"async\" width=\"1024\" height=\"819\" src=\"https:\/\/careforce-re.de\/wp-content\/uploads\/2023\/01\/WHarmuth-1024x819.png\" class=\"img-responsive\" alt=\"\" \/>\r\n\t\t\t<div class=\"tlp-overlay\">\r\n\t\t\t\t<p class=\"link-icon\">\r\n\t\t\t\t\t\r\n\t\t\t\t\t\r\n\t\t\t\t<\/p>\r\n\t\t\t<\/div>\r\n\t\t<\/div><div class=\"tlp-content\">\r\n                        <div class=\"tlp-content-holder\">\r\n                            <h3>Wolfgang Harmuth<\/h3>\r\n                            <div class=\"extra-features\"> <div class=\"tlp-portfolio-sd\">Als Gr\u00fcndungspartner und Shareholder der Careforce Real Estate GmbH war Wolfgang Harmuth zuvor unter anderem als CEO f\u00fcr verschiedene Gesellschaften im Bereich der Finanzierung, Immobilien- und Bauwirtschaft t\u00e4tig.\r\nZudem fungierte er als Mitglied in drei Aufsichtsr\u00e4ten.\r\n<\/div> <\/div>\r\n                        <\/div>\r\n                    <\/div>\t<\/div>\r\n<\/div>\r\n\r\n\r\n<div class=\"tlp-col-md-4 tlp-col-sm-6 tlp-col-xs-12 tlp-single-item tlp-grid-item tlp-equal-height\">\r\n\t<div class=\"tlp-portfolio-item\">\r\n\t\t\t\t\t\t\t\t\t<div class=\"tlp-portfolio-thum tlp-item\">\r\n\t\t\t<img loading=\"lazy\" decoding=\"async\" width=\"1024\" height=\"819\" src=\"https:\/\/careforce-re.de\/wp-content\/uploads\/2023\/01\/AHerdan-1024x819.png\" class=\"img-responsive\" alt=\"\" \/>\r\n\t\t\t<div class=\"tlp-overlay\">\r\n\t\t\t\t<p class=\"link-icon\">\r\n\t\t\t\t\t\r\n\t\t\t\t\t\r\n\t\t\t\t<\/p>\r\n\t\t\t<\/div>\r\n\t\t<\/div><div class=\"tlp-content\">\r\n                        <div class=\"tlp-content-holder\">\r\n                            <h3>Andreas Herdan<\/h3>\r\n                            <div class=\"extra-features\"> <div class=\"tlp-portfolio-sd\">Andreas Herdan ist als Gesch\u00e4ftsf\u00fchrer der Careforce Real Estate GmbH f\u00fcr den Bereich Immobilien und Finanzierungen zust\u00e4ndig.\r\nDar\u00fcber hinaus verf\u00fcgt Herr Herdan \u00fcber zahlreiche Marktkenntnisse im Bereich von Pflege- und Gesundheitsimmobilien und war zuvor als Gesch\u00e4ftsf\u00fchrer diverser Kapitalmarktgesellschaften und in verschiedenen Managementfunktionen t\u00e4tig.<\/div> <\/div>\r\n                        <\/div>\r\n                    <\/div>\t<\/div>\r\n<\/div>\r\n\r\n\r\n<div class=\"tlp-col-md-4 tlp-col-sm-6 tlp-col-xs-12 tlp-single-item tlp-grid-item tlp-equal-height\">\r\n\t<div class=\"tlp-portfolio-item\">\r\n\t\t\t\t\t\t\t\t\t<div class=\"tlp-portfolio-thum tlp-item\">\r\n\t\t\t<img loading=\"lazy\" decoding=\"async\" width=\"1024\" height=\"819\" src=\"https:\/\/careforce-re.de\/wp-content\/uploads\/2022\/11\/MMuentjes-1024x819.png\" class=\"img-responsive\" alt=\"\" \/>\r\n\t\t\t<div class=\"tlp-overlay\">\r\n\t\t\t\t<p class=\"link-icon\">\r\n\t\t\t\t\t\r\n\t\t\t\t\t\r\n\t\t\t\t<\/p>\r\n\t\t\t<\/div>\r\n\t\t<\/div><div class=\"tlp-content\">\r\n                        <div class=\"tlp-content-holder\">\r\n                            <h3>Manfred M\u00fcntjes<\/h3>\r\n                            <div class=\"extra-features\"> <div class=\"tlp-portfolio-sd\">Als Gesch\u00e4ftsf\u00fchrer der Careforce Real Estate GmbH ist Manfred M\u00fcntjes im Wesentlichen f\u00fcr die konzeptionelle Entwicklung der Standorte, die Betreibersuche und das Vertragsmanagement in diesem Bereich zust\u00e4ndig. Mit mehr als drei Jahrzehnten Erfahrung im Bereich des Pflegewesens war Herr M\u00fcntjes zuvor u. a. als Head of Operations bei der CURATA Care Holding GmbH und als Gesch\u00e4ftsf\u00fchrer mehrerer auf Pflege spezialisierter Tochtergesellschaften der Deutsche Wohnen SE und in leitender Funktion bei der Kursana t\u00e4tig.<\/div> <\/div>\r\n                        <\/div>\r\n                    <\/div>\t<\/div>\r\n<\/div>\r\n\r\n\r\n<div class=\"tlp-col-md-4 tlp-col-sm-6 tlp-col-xs-12 tlp-single-item tlp-grid-item tlp-equal-height\">\r\n\t<div class=\"tlp-portfolio-item\">\r\n\t\t\t\t\t\t\t\t\t<div class=\"tlp-portfolio-thum tlp-item\">\r\n\t\t\t<img loading=\"lazy\" decoding=\"async\" width=\"828\" height=\"662\" src=\"https:\/\/careforce-re.de\/wp-content\/uploads\/2023\/01\/SValkier.png\" class=\"img-responsive\" alt=\"\" \/>\r\n\t\t\t<div class=\"tlp-overlay\">\r\n\t\t\t\t<p class=\"link-icon\">\r\n\t\t\t\t\t\r\n\t\t\t\t\t\r\n\t\t\t\t<\/p>\r\n\t\t\t<\/div>\r\n\t\t<\/div><div class=\"tlp-content\">\r\n                        <div class=\"tlp-content-holder\">\r\n                            <h3>Sascia Valkier<\/h3>\r\n                            <div class=\"extra-features\"> <div class=\"tlp-portfolio-sd\">Sascia Valkier, LLM Real Estate Law, ist als Transaktionsleiterin f\u00fcr s\u00e4mtliche Immobilieneink\u00e4ufe im Rahmen von Share- und Asset Deals der Unternehmensgruppe verantwortlich. \r\nZuvor war Frau Valkier u. a. als Prokuristin und Head of Transaction Management bei Avia Rent Invest AG zust\u00e4ndig.<\/div> <\/div>\r\n                        <\/div>\r\n                    <\/div>\t<\/div>\r\n<\/div>\r\n\r\n\r\n<div class=\"tlp-col-md-4 tlp-col-sm-6 tlp-col-xs-12 tlp-single-item tlp-grid-item tlp-equal-height\">\r\n\t<div class=\"tlp-portfolio-item\">\r\n\t\t\t\t\t\t\t\t\t<div class=\"tlp-portfolio-thum tlp-item\">\r\n\t\t\t<img loading=\"lazy\" decoding=\"async\" width=\"1024\" height=\"819\" src=\"https:\/\/careforce-re.de\/wp-content\/uploads\/2022\/11\/FDarnstaedt-1-1024x819.png\" class=\"img-responsive\" alt=\"\" \/>\r\n\t\t\t<div class=\"tlp-overlay\">\r\n\t\t\t\t<p class=\"link-icon\">\r\n\t\t\t\t\t\r\n\t\t\t\t\t\r\n\t\t\t\t<\/p>\r\n\t\t\t<\/div>\r\n\t\t<\/div><div class=\"tlp-content\">\r\n                        <div class=\"tlp-content-holder\">\r\n                            <h3>Frank Darnst\u00e4dt<\/h3>\r\n                            <div class=\"extra-features\"> <div class=\"tlp-portfolio-sd\">Frank Darnst\u00e4dt ist in beratender Funktion f\u00fcr die Careforce Real Estate GmbH im Bereich des Prozessmanagements und der Dynamisierung der Verhandlungen mit potenziellen Exit-Partnern zust\u00e4ndig. Herr Darnst\u00e4dt verf\u00fcgt \u00fcber umfangreiche Erfahrungen im Asset- und Transaktionsmanagement und sammelte in den vergangenen Jahren weitreichende Kenntnisse im Pflegeheimsegment.<\/div> <\/div>\r\n                        <\/div>\r\n                    <\/div>\t<\/div>\r\n<\/div>\r\n\r\n<\/div><\/div><\/div><h3  class=\"\">Hier zur Homepage der Konzerngesellschaft: <a data-mce-href=\"https:\/\/www.ffire.de\" href=\"https:\/\/www.ffire.de\" target=\"_self\" data-mce-selected=\"inline-boundary\" data-cp-link=\"1\" rel=\"noopener\" class=\"\">www.ffire.de<\/a><\/h3><\/div> <\/div> <div  class=\"row center-xs middle-xs\"> <div  class=\"col-sm-9\" data-type=\"column\"> <\/div> <\/div><\/div> <\/div><div  data-label=\"Kontakt\" data-id=\"contact--1\" data-export-id=\"contact-1\" data-category=\"contact\" class=\"contact-1 content-section content-section-spacing white-text\" data-parallax-depth=\"20\" id=\"kontakt\" style=\"background-color: rgb(245, 250, 253);\"><div  class=\"gridContainer\"> <div  class=\"row text-center\"><div  class=\"section-title-col\" data-type=\"column\"> <h2  class=\"\">Kontakt<\/h2> <\/div> <\/div> <div  class=\"row text-center\"> <div  class=\"col-xs-12 col-sm-8 col-sm-offset-2 contact-form-wrapper inline-info\"> <div  class=\"card large-padding\"> <div  class=\"\" data-content-shortcode=\"mesmerize_contact_form shortcode=&quot;contact-form-7 id=&amp;amp;quot;6&amp;amp;quot; title=&amp;amp;quot;Kontaktformular 1&amp;amp;quot;&quot;\" data-editable=\"true\">\n<div class=\"wpcf7 no-js\" id=\"wpcf7-f6-o1\" lang=\"de-DE\" dir=\"ltr\" data-wpcf7-id=\"6\">\n<div class=\"screen-reader-response\"><p role=\"status\" aria-live=\"polite\" aria-atomic=\"true\"><\/p> <ul><\/ul><\/div>\n<form action=\"\/index.php?rest_route=%2Fwp%2Fv2%2Fpages%2F7#wpcf7-f6-o1\" method=\"post\" class=\"wpcf7-form init\" aria-label=\"Kontaktformular\" novalidate=\"novalidate\" data-status=\"init\">\n<fieldset class=\"hidden-fields-container\"><input type=\"hidden\" name=\"_wpcf7\" value=\"6\" \/><input type=\"hidden\" name=\"_wpcf7_version\" value=\"6.1.5\" \/><input type=\"hidden\" name=\"_wpcf7_locale\" value=\"de_DE\" \/><input type=\"hidden\" name=\"_wpcf7_unit_tag\" value=\"wpcf7-f6-o1\" \/><input type=\"hidden\" name=\"_wpcf7_container_post\" value=\"0\" \/><input type=\"hidden\" name=\"_wpcf7_posted_data_hash\" value=\"\" \/>\n<\/fieldset>\n<p><label> Name<br \/>\n<span class=\"wpcf7-form-control-wrap\" data-name=\"your-name\"><input size=\"40\" maxlength=\"400\" class=\"wpcf7-form-control wpcf7-text wpcf7-validates-as-required\" aria-required=\"true\" aria-invalid=\"false\" value=\"\" type=\"text\" name=\"your-name\" \/><\/span> <\/label>\n<\/p>\n<p><label> E-Mail-Adresse<br \/>\n<span class=\"wpcf7-form-control-wrap\" data-name=\"your-email\"><input size=\"40\" maxlength=\"400\" class=\"wpcf7-form-control wpcf7-email wpcf7-validates-as-required wpcf7-text wpcf7-validates-as-email\" aria-required=\"true\" aria-invalid=\"false\" value=\"\" type=\"email\" name=\"your-email\" \/><\/span> <\/label>\n<\/p>\n<p><label> Betreff<br \/>\n<span class=\"wpcf7-form-control-wrap\" data-name=\"your-subject\"><input size=\"40\" maxlength=\"400\" class=\"wpcf7-form-control wpcf7-text wpcf7-validates-as-required\" aria-required=\"true\" aria-invalid=\"false\" value=\"\" type=\"text\" name=\"your-subject\" \/><\/span> <\/label>\n<\/p>\n<p><label> Nachricht (optional)<br \/>\n<span class=\"wpcf7-form-control-wrap\" data-name=\"your-message\"><textarea cols=\"40\" rows=\"10\" maxlength=\"2000\" class=\"wpcf7-form-control wpcf7-textarea\" aria-invalid=\"false\" name=\"your-message\"><\/textarea><\/span> <\/label>\n<\/p>\n<p><input class=\"wpcf7-form-control wpcf7-submit has-spinner\" type=\"submit\" value=\"Senden\" \/>\n<\/p><div class=\"wpcf7-response-output\" aria-hidden=\"true\"><\/div>\n<\/form>\n<\/div>\n<\/div><\/div> <\/div><\/div> <\/div><\/div>","protected":false},"excerpt":{"rendered":"<p>Unternehmen &amp; InvestitionsstrategieF o k u s: Value-Add Projektierung, Entwicklung sowie Restrukturierung von Pflegeheimen, Service-Wohnen und Gesundheitsimmobilien.E x p e r t i s e&nbsp; &nbsp;&amp;&nbsp; &nbsp;Z i e l s e t z u n g: Das Team setzt sich zusammen aus Experten, die \u00fcber jahrelange Berufserfahrung und Fachwissen im Bereich der Pflege- und&hellip; <br \/> <a class=\"read-more\" href=\"https:\/\/careforce-re.de\/?portfolio=frank-darnstaedt\">Weiterlesen<\/a><\/p>\n","protected":false},"author":1,"featured_media":0,"parent":0,"menu_order":0,"comment_status":"closed","ping_status":"closed","template":"page-templates\/homepage.php","meta":{"footnotes":""},"class_list":["post-7","page","type-page","status-publish","hentry"],"_links":{"self":[{"href":"https:\/\/careforce-re.de\/index.php?rest_route=\/wp\/v2\/pages\/7","targetHints":{"allow":["GET"]}}],"collection":[{"href":"https:\/\/careforce-re.de\/index.php?rest_route=\/wp\/v2\/pages"}],"about":[{"href":"https:\/\/careforce-re.de\/index.php?rest_route=\/wp\/v2\/types\/page"}],"author":[{"embeddable":true,"href":"https:\/\/careforce-re.de\/index.php?rest_route=\/wp\/v2\/users\/1"}],"replies":[{"embeddable":true,"href":"https:\/\/careforce-re.de\/index.php?rest_route=%2Fwp%2Fv2%2Fcomments&post=7"}],"version-history":[{"count":40,"href":"https:\/\/careforce-re.de\/index.php?rest_route=\/wp\/v2\/pages\/7\/revisions"}],"predecessor-version":[{"id":314,"href":"https:\/\/careforce-re.de\/index.php?rest_route=\/wp\/v2\/pages\/7\/revisions\/314"}],"wp:attachment":[{"href":"https:\/\/careforce-re.de\/index.php?rest_route=%2Fwp%2Fv2%2Fmedia&parent=7"}],"curies":[{"name":"wp","href":"https:\/\/api.w.org\/{rel}","templated":true}]}}